{"id":361,"date":"2025-05-20T18:50:32","date_gmt":"2025-05-20T18:50:32","guid":{"rendered":"https:\/\/copapotenza.weela.com.br\/?page_id=361"},"modified":"2025-09-30T22:19:56","modified_gmt":"2025-09-30T22:19:56","slug":"resultados-categoria-600cc-2025","status":"publish","type":"page","link":"https:\/\/www.copapotenza.com.br\/?page_id=361","title":{"rendered":"Resultados Categoria 600cc 2025"},"content":{"rendered":"\n<details class=\"wp-block-details has-text-color has-background has-link-color has-medium-font-size wp-elements-f806420ff1c208fba56884efc32c9fc0 is-layout-flow wp-block-details-is-layout-flow\" style=\"color:#424242;background-color:#e8e8ea;font-style:normal;font-weight:600\"><summary>1\u00aa Etapa &#8211; 30 de mar\u00e7o de 2025<\/summary>\n<pre class=\"wp-block-preformatted has-small-font-size\">Treino Livre 01<br>Treino Livre 02<br><a href=\"https:\/\/copapotenza.weela.com.br\/wp-content\/uploads\/2025\/05\/600-1000-3o-Treino-Livre-600-Pro-Light-Iniciante-Geral-e-classes.pdf\" data-type=\"link\" data-id=\"https:\/\/copapotenza.weela.com.br\/wp-content\/uploads\/2025\/05\/600-1000-3o-Treino-Livre-600-Pro-Light-Iniciante-Geral-e-classes.pdf\" target=\"_blank\" rel=\"noreferrer noopener\">Treino Livre 03<\/a><div class=\"sendToPdfFiller\" data-url=\"https:\/\/copapotenza.weela.com.br\/wp-content\/uploads\/2025\/05\/300-400-3o-Treino-Livre-300-400-Pro-Light-Iniciante-Geral-e-Classes.pdf\" style=\"position: static; width: 40px; display: inline-block; margin-left: 10px;\" title=\"Open with pdfFiller\"><img decoding=\"async\" style=\"background: none\" src=\"chrome-extension:\/\/gphandlahdpffmccakmbngmbjnjiiahp\/img\/icon-fill.png\"><\/div><br><a href=\"https:\/\/copapotenza.weela.com.br\/wp-content\/uploads\/2025\/05\/600-1000-1o-Classificatorio-600-1000-Iniciante-Geral-e-classes.pdf\" data-type=\"link\" data-id=\"https:\/\/copapotenza.weela.com.br\/wp-content\/uploads\/2025\/05\/600-1000-1o-Classificatorio-600-1000-Iniciante-Geral-e-classes.pdf\" target=\"_blank\" rel=\"noreferrer noopener\">Classificat\u00f3rio 01 - 600cc e 1000cc iniciante<\/a><div class=\"sendToPdfFiller\" data-url=\"https:\/\/copapotenza.weela.com.br\/wp-content\/uploads\/2025\/05\/300-400-1o-Classificatorio-300-400-Pro-Light-Geral-e-Classes.pdf\" style=\"position: static; width: 40px; display: inline-block; margin-left: 10px;\" title=\"Open with pdfFiller\"><img decoding=\"async\" style=\"background: none\" src=\"chrome-extension:\/\/gphandlahdpffmccakmbngmbjnjiiahp\/img\/icon-fill.png\"><\/div><br><a href=\"https:\/\/copapotenza.weela.com.br\/wp-content\/uploads\/2025\/05\/600-1000-1o-Classificatorio-600-Pro-Light-Geral-e-Classes.pdf\" data-type=\"link\" data-id=\"https:\/\/copapotenza.weela.com.br\/wp-content\/uploads\/2025\/05\/600-1000-1o-Classificatorio-600-Pro-Light-Geral-e-Classes.pdf\" target=\"_blank\" rel=\"noreferrer noopener\">Classificat\u00f3rio 01 - Pro e light<\/a><div class=\"sendToPdfFiller\" data-url=\"https:\/\/copapotenza.weela.com.br\/wp-content\/uploads\/2025\/05\/300-400-1o-Classificatorio-300-400-Iniciante-Geral-e-Classes.pdf\" style=\"position: static; width: 40px; display: inline-block; margin-left: 10px;\" title=\"Open with pdfFiller\"><img decoding=\"async\" style=\"background: none\" src=\"chrome-extension:\/\/gphandlahdpffmccakmbngmbjnjiiahp\/img\/icon-fill.png\"><\/div><br><a href=\"https:\/\/copapotenza.weela.com.br\/wp-content\/uploads\/2025\/05\/600-1000-2o-Classificatorio-600-1000-Iniciante-Geral-e-Classes-1.pdf\" data-type=\"link\" data-id=\"https:\/\/copapotenza.weela.com.br\/wp-content\/uploads\/2025\/05\/600-1000-2o-Classificatorio-600-1000-Iniciante-Geral-e-Classes-1.pdf\" target=\"_blank\" rel=\"noreferrer noopener\">Classificat\u00f3rio 02 - 600cc e 1000cc iniciante<\/a><div class=\"sendToPdfFiller\" data-url=\"https:\/\/copapotenza.weela.com.br\/wp-content\/uploads\/2025\/05\/300-400-2o-Classificatorio-300-400-Pro-Light-Geral-e-Classes.pdf\" style=\"position: static; width: 40px; display: inline-block; margin-left: 10px;\" title=\"Open with pdfFiller\"><img decoding=\"async\" style=\"background: none\" src=\"chrome-extension:\/\/gphandlahdpffmccakmbngmbjnjiiahp\/img\/icon-fill.png\"><\/div><br><a href=\"https:\/\/copapotenza.weela.com.br\/wp-content\/uploads\/2025\/05\/600-1000-2o-Classificatorio-600-Pro-Light-Geral-e-classes.pdf\" data-type=\"link\" data-id=\"https:\/\/copapotenza.weela.com.br\/wp-content\/uploads\/2025\/05\/600-1000-2o-Classificatorio-600-Pro-Light-Geral-e-classes.pdf\" target=\"_blank\" rel=\"noreferrer noopener\">Classificat\u00f3rio 02 - Pro e light<\/a><div class=\"sendToPdfFiller\" data-url=\"https:\/\/copapotenza.weela.com.br\/wp-content\/uploads\/2025\/05\/300-400-2o-Classificatorio-300-400-Iniciante-Geral-e-Classes.pdf\" style=\"position: static; width: 40px; display: inline-block; margin-left: 10px;\" title=\"Open with pdfFiller\"><img decoding=\"async\" style=\"background: none\" src=\"chrome-extension:\/\/gphandlahdpffmccakmbngmbjnjiiahp\/img\/icon-fill.png\"><\/div><br><a href=\"https:\/\/copapotenza.weela.com.br\/wp-content\/uploads\/2025\/05\/Consolidado-Geral-600cc.pdf\" data-type=\"link\" data-id=\"https:\/\/copapotenza.weela.com.br\/wp-content\/uploads\/2025\/05\/Consolidado-Geral-600cc.pdf\" target=\"_blank\" rel=\"noreferrer noopener\">Superpole consolida\u00e7\u00e3o geral<\/a><div class=\"sendToPdfFiller\" data-url=\"https:\/\/copapotenza.weela.com.br\/wp-content\/uploads\/2025\/05\/Consolidado-Geral-300-400cc.pdf\" style=\"position: static; width: 40px; display: inline-block; margin-left: 10px;\" title=\"Open with pdfFiller\"><img decoding=\"async\" style=\"background: none\" src=\"chrome-extension:\/\/gphandlahdpffmccakmbngmbjnjiiahp\/img\/icon-fill.png\"><\/div><br><a href=\"https:\/\/copapotenza.weela.com.br\/wp-content\/uploads\/2025\/05\/600-1000-Corrida-600-Pro-Light-Iniciante-StartingGrid.pdf\" data-type=\"link\" data-id=\"https:\/\/copapotenza.weela.com.br\/wp-content\/uploads\/2025\/05\/600-1000-Corrida-600-Pro-Light-Iniciante-StartingGrid.pdf\" target=\"_blank\" rel=\"noreferrer noopener\">Grid de Largada<\/a><div class=\"sendToPdfFiller\" data-url=\"https:\/\/copapotenza.weela.com.br\/wp-content\/uploads\/2025\/05\/300-400-Corrida-300-400-Pro-Light-Iniciante-StartingGrid.pdf\" style=\"position: static; width: 40px; display: inline-block; margin-left: 10px;\" title=\"Open with pdfFiller\"><img decoding=\"async\" style=\"background: none\" src=\"chrome-extension:\/\/gphandlahdpffmccakmbngmbjnjiiahp\/img\/icon-fill.png\"><\/div><br><a href=\"https:\/\/copapotenza.weela.com.br\/wp-content\/uploads\/2025\/05\/600-1000-Warm-up-600-Pro-Light-Iniciante-Geral-e-Classes.pdf\" data-type=\"link\" data-id=\"https:\/\/copapotenza.weela.com.br\/wp-content\/uploads\/2025\/05\/600-1000-Warm-up-600-Pro-Light-Iniciante-Geral-e-Classes.pdf\" target=\"_blank\" rel=\"noreferrer noopener\">Warm-up<\/a><div class=\"sendToPdfFiller\" data-url=\"https:\/\/copapotenza.weela.com.br\/wp-content\/uploads\/2025\/05\/300-400-Warm-up-300-400-Pro-Light-Iniciante-Geral-e-Classes.pdf\" style=\"position: static; width: 40px; display: inline-block; margin-left: 10px;\" title=\"Open with pdfFiller\"><img decoding=\"async\" style=\"background: none\" src=\"chrome-extension:\/\/gphandlahdpffmccakmbngmbjnjiiahp\/img\/icon-fill.png\"><\/div><br><a href=\"https:\/\/copapotenza.weela.com.br\/wp-content\/uploads\/2025\/05\/600-1000-Corrida-600-Pro-Light-Iniciante-Geral-e-Classes.pdf\" data-type=\"link\" data-id=\"https:\/\/copapotenza.weela.com.br\/wp-content\/uploads\/2025\/05\/600-1000-Corrida-600-Pro-Light-Iniciante-Geral-e-Classes.pdf\" target=\"_blank\" rel=\"noreferrer noopener\">Resultado da corrida<\/a><div class=\"sendToPdfFiller\" data-url=\"https:\/\/copapotenza.weela.com.br\/wp-content\/uploads\/2025\/05\/300-400-Corrida-300-400-Pro-Light-Iniciante-Geral-e-Classes.pdf\" style=\"position: static; width: 40px; display: inline-block; margin-left: 10px;\" title=\"Open with pdfFiller\"><img decoding=\"async\" style=\"background: none\" src=\"chrome-extension:\/\/gphandlahdpffmccakmbngmbjnjiiahp\/img\/icon-fill.png\"><\/div><br><a href=\"https:\/\/copapotenza.weela.com.br\/wp-content\/uploads\/2025\/05\/600-1000-Corrida-600-Pro-Light-Iniciante-Laptimes.pdf\" data-type=\"link\" data-id=\"https:\/\/copapotenza.weela.com.br\/wp-content\/uploads\/2025\/05\/600-1000-Corrida-600-Pro-Light-Iniciante-Laptimes.pdf\" target=\"_blank\" rel=\"noreferrer noopener\">Corrida LapTimes<\/a><div class=\"sendToPdfFiller\" data-url=\"https:\/\/copapotenza.weela.com.br\/wp-content\/uploads\/2025\/05\/300-400-Corrida-300-400-Pro-Light-Iniciante-Laptimes.pdf\" style=\"position: static; width: 40px; display: inline-block; margin-left: 10px;\" title=\"Open with pdfFiller\"><img decoding=\"async\" style=\"background: none\" src=\"chrome-extension:\/\/gphandlahdpffmccakmbngmbjnjiiahp\/img\/icon-fill.png\"><\/div><\/pre>\n<\/details>\n\n\n\n<hr class=\"wp-block-separator has-alpha-channel-opacity\"\/>\n\n\n\n<details class=\"wp-block-details has-text-color has-background has-link-color has-medium-font-size wp-elements-4f17f9a68144ce16b7f8e34ee837ad00 is-layout-flow wp-block-details-is-layout-flow\" style=\"color:#424242;background-color:#e8e8ea;font-style:normal;font-weight:600\"><summary>2\u00aa Etapa &#8211; 01 de junho de 2025<\/summary>\n<pre class=\"wp-block-preformatted has-small-font-size\">Treino Livre 01<br>Treino Livre 02<br>Treino Livre 03<div class=\"sendToPdfFiller\" data-url=\"https:\/\/copapotenza.weela.com.br\/wp-content\/uploads\/2025\/05\/300-400-3o-Treino-Livre-300-400-Pro-Light-Iniciante-Geral-e-Classes.pdf\" style=\"position: static; width: 40px; display: inline-block; margin-left: 10px;\" title=\"Open with pdfFiller\"><img decoding=\"async\" style=\"background: none\" src=\"chrome-extension:\/\/gphandlahdpffmccakmbngmbjnjiiahp\/img\/icon-fill.png\"><\/div><br>Classificat\u00f3rio 01 - 600cc e 1000cc iniciante<div class=\"sendToPdfFiller\" data-url=\"https:\/\/copapotenza.weela.com.br\/wp-content\/uploads\/2025\/05\/300-400-1o-Classificatorio-300-400-Pro-Light-Geral-e-Classes.pdf\" style=\"position: static; width: 40px; display: inline-block; margin-left: 10px;\" title=\"Open with pdfFiller\"><img decoding=\"async\" style=\"background: none\" src=\"chrome-extension:\/\/gphandlahdpffmccakmbngmbjnjiiahp\/img\/icon-fill.png\"><\/div><br>Classificat\u00f3rio 01 - Pro e light<div class=\"sendToPdfFiller\" data-url=\"https:\/\/copapotenza.weela.com.br\/wp-content\/uploads\/2025\/05\/300-400-1o-Classificatorio-300-400-Iniciante-Geral-e-Classes.pdf\" style=\"position: static; width: 40px; display: inline-block; margin-left: 10px;\" title=\"Open with pdfFiller\"><img decoding=\"async\" style=\"background: none\" src=\"chrome-extension:\/\/gphandlahdpffmccakmbngmbjnjiiahp\/img\/icon-fill.png\"><\/div><br>Classificat\u00f3rio 02 - 600cc e 1000cc iniciante<div class=\"sendToPdfFiller\" data-url=\"https:\/\/copapotenza.weela.com.br\/wp-content\/uploads\/2025\/05\/300-400-2o-Classificatorio-300-400-Pro-Light-Geral-e-Classes.pdf\" style=\"position: static; width: 40px; display: inline-block; margin-left: 10px;\" title=\"Open with pdfFiller\"><img decoding=\"async\" style=\"background: none\" src=\"chrome-extension:\/\/gphandlahdpffmccakmbngmbjnjiiahp\/img\/icon-fill.png\"><\/div><br>Classificat\u00f3rio 02 - Pro e light<div class=\"sendToPdfFiller\" data-url=\"https:\/\/copapotenza.weela.com.br\/wp-content\/uploads\/2025\/05\/300-400-2o-Classificatorio-300-400-Iniciante-Geral-e-Classes.pdf\" style=\"position: static; width: 40px; display: inline-block; margin-left: 10px;\" title=\"Open with pdfFiller\"><img decoding=\"async\" style=\"background: none\" src=\"chrome-extension:\/\/gphandlahdpffmccakmbngmbjnjiiahp\/img\/icon-fill.png\"><\/div><br>Superpole consolida\u00e7\u00e3o geral<div class=\"sendToPdfFiller\" data-url=\"https:\/\/copapotenza.weela.com.br\/wp-content\/uploads\/2025\/05\/Consolidado-Geral-300-400cc.pdf\" style=\"position: static; width: 40px; display: inline-block; margin-left: 10px;\" title=\"Open with pdfFiller\"><img decoding=\"async\" style=\"background: none\" src=\"chrome-extension:\/\/gphandlahdpffmccakmbngmbjnjiiahp\/img\/icon-fill.png\"><\/div><br>Grid de Largada<div class=\"sendToPdfFiller\" data-url=\"https:\/\/copapotenza.weela.com.br\/wp-content\/uploads\/2025\/05\/300-400-Corrida-300-400-Pro-Light-Iniciante-StartingGrid.pdf\" style=\"position: static; width: 40px; display: inline-block; margin-left: 10px;\" title=\"Open with pdfFiller\"><img decoding=\"async\" style=\"background: none\" src=\"chrome-extension:\/\/gphandlahdpffmccakmbngmbjnjiiahp\/img\/icon-fill.png\"><\/div><br>Warm-up<div class=\"sendToPdfFiller\" data-url=\"https:\/\/copapotenza.weela.com.br\/wp-content\/uploads\/2025\/05\/300-400-Warm-up-300-400-Pro-Light-Iniciante-Geral-e-Classes.pdf\" style=\"position: static; width: 40px; display: inline-block; margin-left: 10px;\" title=\"Open with pdfFiller\"><img decoding=\"async\" style=\"background: none\" src=\"chrome-extension:\/\/gphandlahdpffmccakmbngmbjnjiiahp\/img\/icon-fill.png\"><\/div><br>Resultado da corrida<div class=\"sendToPdfFiller\" data-url=\"https:\/\/copapotenza.weela.com.br\/wp-content\/uploads\/2025\/05\/300-400-Corrida-300-400-Pro-Light-Iniciante-Geral-e-Classes.pdf\" style=\"position: static; width: 40px; display: inline-block; margin-left: 10px;\" title=\"Open with pdfFiller\"><img decoding=\"async\" style=\"background: none\" src=\"chrome-extension:\/\/gphandlahdpffmccakmbngmbjnjiiahp\/img\/icon-fill.png\"><\/div><br>Corrida LapTimes<div class=\"sendToPdfFiller\" data-url=\"https:\/\/copapotenza.weela.com.br\/wp-content\/uploads\/2025\/05\/300-400-Corrida-300-400-Pro-Light-Iniciante-Laptimes.pdf\" style=\"position: static; width: 40px; display: inline-block; margin-left: 10px;\" title=\"Open with pdfFiller\"><img decoding=\"async\" style=\"background: none\" src=\"chrome-extension:\/\/gphandlahdpffmccakmbngmbjnjiiahp\/img\/icon-fill.png\"><\/div><br><\/pre>\n<\/details>\n\n\n\n<hr class=\"wp-block-separator has-alpha-channel-opacity\"\/>\n\n\n\n<details class=\"wp-block-details has-text-color has-background has-link-color has-medium-font-size wp-elements-da7b668789c3159a53b1eb760248844d is-layout-flow wp-block-details-is-layout-flow\" style=\"color:#424242;background-color:#e8e8ea;font-style:normal;font-weight:600\"><summary>3\u00aa Etapa &#8211; 13 de julho de 2025<\/summary>\n<pre class=\"wp-block-preformatted has-small-font-size\">Treino Livre 01<br>Treino Livre 02<br>Treino Livre 03<div class=\"sendToPdfFiller\" data-url=\"https:\/\/copapotenza.weela.com.br\/wp-content\/uploads\/2025\/05\/300-400-3o-Treino-Livre-300-400-Pro-Light-Iniciante-Geral-e-Classes.pdf\" style=\"position: static; width: 40px; display: inline-block; margin-left: 10px;\" title=\"Open with pdfFiller\"><img decoding=\"async\" style=\"background: none\" src=\"chrome-extension:\/\/gphandlahdpffmccakmbngmbjnjiiahp\/img\/icon-fill.png\"><\/div><br>Classificat\u00f3rio 01 - 600cc e 1000cc iniciante<div class=\"sendToPdfFiller\" data-url=\"https:\/\/copapotenza.weela.com.br\/wp-content\/uploads\/2025\/05\/300-400-1o-Classificatorio-300-400-Pro-Light-Geral-e-Classes.pdf\" style=\"position: static; width: 40px; display: inline-block; margin-left: 10px;\" title=\"Open with pdfFiller\"><img decoding=\"async\" style=\"background: none\" src=\"chrome-extension:\/\/gphandlahdpffmccakmbngmbjnjiiahp\/img\/icon-fill.png\"><\/div><br>Classificat\u00f3rio 01 - Pro e light<div class=\"sendToPdfFiller\" data-url=\"https:\/\/copapotenza.weela.com.br\/wp-content\/uploads\/2025\/05\/300-400-1o-Classificatorio-300-400-Iniciante-Geral-e-Classes.pdf\" style=\"position: static; width: 40px; display: inline-block; margin-left: 10px;\" title=\"Open with pdfFiller\"><img decoding=\"async\" style=\"background: none\" src=\"chrome-extension:\/\/gphandlahdpffmccakmbngmbjnjiiahp\/img\/icon-fill.png\"><\/div><br>Classificat\u00f3rio 02 - 600cc e 1000cc iniciante<div class=\"sendToPdfFiller\" data-url=\"https:\/\/copapotenza.weela.com.br\/wp-content\/uploads\/2025\/05\/300-400-2o-Classificatorio-300-400-Pro-Light-Geral-e-Classes.pdf\" style=\"position: static; width: 40px; display: inline-block; margin-left: 10px;\" title=\"Open with pdfFiller\"><img decoding=\"async\" style=\"background: none\" src=\"chrome-extension:\/\/gphandlahdpffmccakmbngmbjnjiiahp\/img\/icon-fill.png\"><\/div><br>Classificat\u00f3rio 02 - Pro e light<div class=\"sendToPdfFiller\" data-url=\"https:\/\/copapotenza.weela.com.br\/wp-content\/uploads\/2025\/05\/300-400-2o-Classificatorio-300-400-Iniciante-Geral-e-Classes.pdf\" style=\"position: static; width: 40px; display: inline-block; margin-left: 10px;\" title=\"Open with pdfFiller\"><img decoding=\"async\" style=\"background: none\" src=\"chrome-extension:\/\/gphandlahdpffmccakmbngmbjnjiiahp\/img\/icon-fill.png\"><\/div><br>Superpole consolida\u00e7\u00e3o geral<div class=\"sendToPdfFiller\" data-url=\"https:\/\/copapotenza.weela.com.br\/wp-content\/uploads\/2025\/05\/Consolidado-Geral-300-400cc.pdf\" style=\"position: static; width: 40px; display: inline-block; margin-left: 10px;\" title=\"Open with pdfFiller\"><img decoding=\"async\" style=\"background: none\" src=\"chrome-extension:\/\/gphandlahdpffmccakmbngmbjnjiiahp\/img\/icon-fill.png\"><\/div><br>Grid de Largada<div class=\"sendToPdfFiller\" data-url=\"https:\/\/copapotenza.weela.com.br\/wp-content\/uploads\/2025\/05\/300-400-Corrida-300-400-Pro-Light-Iniciante-StartingGrid.pdf\" style=\"position: static; width: 40px; display: inline-block; margin-left: 10px;\" title=\"Open with pdfFiller\"><img decoding=\"async\" style=\"background: none\" src=\"chrome-extension:\/\/gphandlahdpffmccakmbngmbjnjiiahp\/img\/icon-fill.png\"><\/div><br>Warm-up<div class=\"sendToPdfFiller\" data-url=\"https:\/\/copapotenza.weela.com.br\/wp-content\/uploads\/2025\/05\/300-400-Warm-up-300-400-Pro-Light-Iniciante-Geral-e-Classes.pdf\" style=\"position: static; width: 40px; display: inline-block; margin-left: 10px;\" title=\"Open with pdfFiller\"><img decoding=\"async\" style=\"background: none\" src=\"chrome-extension:\/\/gphandlahdpffmccakmbngmbjnjiiahp\/img\/icon-fill.png\"><\/div><br>Resultado da corrida<div class=\"sendToPdfFiller\" data-url=\"https:\/\/copapotenza.weela.com.br\/wp-content\/uploads\/2025\/05\/300-400-Corrida-300-400-Pro-Light-Iniciante-Geral-e-Classes.pdf\" style=\"position: static; width: 40px; display: inline-block; margin-left: 10px;\" title=\"Open with pdfFiller\"><img decoding=\"async\" style=\"background: none\" src=\"chrome-extension:\/\/gphandlahdpffmccakmbngmbjnjiiahp\/img\/icon-fill.png\"><\/div><br>Corrida LapTimes<br><\/pre>\n<\/details>\n\n\n\n<hr class=\"wp-block-separator has-alpha-channel-opacity\"\/>\n\n\n\n<details class=\"wp-block-details has-text-color has-background has-link-color has-medium-font-size wp-elements-14c8b4dfe455049887b2b51d3facef45 is-layout-flow wp-block-details-is-layout-flow\" style=\"color:#424242;background-color:#e8e8ea;font-style:normal;font-weight:600\"><summary>4\u00aa Etapa &#8211; 28 de setembro de 2025<\/summary>\n<pre class=\"wp-block-preformatted has-small-font-size\">Treino Livre 01<br>Treino Livre 02<br>Treino Livre 03<br>Classificat\u00f3rio 01 - 600cc e 1000cc iniciante<br>Classificat\u00f3rio 01 - Pro e light<br>Classificat\u00f3rio 02 - 600cc e 1000cc iniciante<br>Classificat\u00f3rio 02 - Pro e light<br>Superpole consolida\u00e7\u00e3o geral<br>Grid de Largada<br>Warm-up<br><a href=\"https:\/\/www.copapotenza.com.br\/wp-content\/uploads\/2025\/09\/600cc-Corrida-11-Voltas-600-Pro-Light-Iniciante-Classes.pdf\">Resultado da corrida<\/a><br><a href=\"https:\/\/www.copapotenza.com.br\/wp-content\/uploads\/2025\/09\/600cc-Corrida-11-Voltas-600-Pro-Light-Iniciante-Laptimes.pdf\">Corrida LapTimes<\/a><br><\/pre>\n<\/details>\n\n\n\n<hr class=\"wp-block-separator has-alpha-channel-opacity\"\/>\n\n\n\n<details class=\"wp-block-details has-text-color has-background has-link-color has-medium-font-size wp-elements-5db44767c22be93f49cc494194a66230 is-layout-flow wp-block-details-is-layout-flow\" style=\"color:#424242;background-color:#e8e8ea;font-style:normal;font-weight:600\"><summary>5\u00aa Etapa &#8211; 02 de novembro de 2025<\/summary>\n<pre class=\"wp-block-preformatted has-small-font-size\">Treino Livre 01<br>Treino Livre 02<br>Treino Livre 03<div class=\"sendToPdfFiller\" data-url=\"https:\/\/copapotenza.weela.com.br\/wp-content\/uploads\/2025\/05\/300-400-3o-Treino-Livre-300-400-Pro-Light-Iniciante-Geral-e-Classes.pdf\" style=\"position: static; width: 40px; display: inline-block; margin-left: 10px;\" title=\"Open with pdfFiller\"><img decoding=\"async\" style=\"background: none\" src=\"chrome-extension:\/\/gphandlahdpffmccakmbngmbjnjiiahp\/img\/icon-fill.png\"><\/div><br>Classificat\u00f3rio 01 - 600cc e 1000cc iniciante<div class=\"sendToPdfFiller\" data-url=\"https:\/\/copapotenza.weela.com.br\/wp-content\/uploads\/2025\/05\/300-400-1o-Classificatorio-300-400-Pro-Light-Geral-e-Classes.pdf\" style=\"position: static; width: 40px; display: inline-block; margin-left: 10px;\" title=\"Open with pdfFiller\"><img decoding=\"async\" style=\"background: none\" src=\"chrome-extension:\/\/gphandlahdpffmccakmbngmbjnjiiahp\/img\/icon-fill.png\"><\/div><br>Classificat\u00f3rio 01 - Pro e light<div class=\"sendToPdfFiller\" data-url=\"https:\/\/copapotenza.weela.com.br\/wp-content\/uploads\/2025\/05\/300-400-1o-Classificatorio-300-400-Iniciante-Geral-e-Classes.pdf\" style=\"position: static; width: 40px; display: inline-block; margin-left: 10px;\" title=\"Open with pdfFiller\"><img decoding=\"async\" style=\"background: none\" src=\"chrome-extension:\/\/gphandlahdpffmccakmbngmbjnjiiahp\/img\/icon-fill.png\"><\/div><br>Classificat\u00f3rio 02 - 600cc e 1000cc iniciante<div class=\"sendToPdfFiller\" data-url=\"https:\/\/copapotenza.weela.com.br\/wp-content\/uploads\/2025\/05\/300-400-2o-Classificatorio-300-400-Pro-Light-Geral-e-Classes.pdf\" style=\"position: static; width: 40px; display: inline-block; margin-left: 10px;\" title=\"Open with pdfFiller\"><img decoding=\"async\" style=\"background: none\" src=\"chrome-extension:\/\/gphandlahdpffmccakmbngmbjnjiiahp\/img\/icon-fill.png\"><\/div><br>Classificat\u00f3rio 02 - Pro e light<div class=\"sendToPdfFiller\" data-url=\"https:\/\/copapotenza.weela.com.br\/wp-content\/uploads\/2025\/05\/300-400-2o-Classificatorio-300-400-Iniciante-Geral-e-Classes.pdf\" style=\"position: static; width: 40px; display: inline-block; margin-left: 10px;\" title=\"Open with pdfFiller\"><img decoding=\"async\" style=\"background: none\" src=\"chrome-extension:\/\/gphandlahdpffmccakmbngmbjnjiiahp\/img\/icon-fill.png\"><\/div><br>Superpole consolida\u00e7\u00e3o geral<div class=\"sendToPdfFiller\" data-url=\"https:\/\/copapotenza.weela.com.br\/wp-content\/uploads\/2025\/05\/Consolidado-Geral-300-400cc.pdf\" style=\"position: static; width: 40px; display: inline-block; margin-left: 10px;\" title=\"Open with pdfFiller\"><img decoding=\"async\" style=\"background: none\" src=\"chrome-extension:\/\/gphandlahdpffmccakmbngmbjnjiiahp\/img\/icon-fill.png\"><\/div><br>Grid de Largada<div class=\"sendToPdfFiller\" data-url=\"https:\/\/copapotenza.weela.com.br\/wp-content\/uploads\/2025\/05\/300-400-Corrida-300-400-Pro-Light-Iniciante-StartingGrid.pdf\" style=\"position: static; width: 40px; display: inline-block; margin-left: 10px;\" title=\"Open with pdfFiller\"><img decoding=\"async\" style=\"background: none\" src=\"chrome-extension:\/\/gphandlahdpffmccakmbngmbjnjiiahp\/img\/icon-fill.png\"><\/div><br>Warm-up<div class=\"sendToPdfFiller\" data-url=\"https:\/\/copapotenza.weela.com.br\/wp-content\/uploads\/2025\/05\/300-400-Warm-up-300-400-Pro-Light-Iniciante-Geral-e-Classes.pdf\" style=\"position: static; width: 40px; display: inline-block; margin-left: 10px;\" title=\"Open with pdfFiller\"><img decoding=\"async\" style=\"background: none\" src=\"chrome-extension:\/\/gphandlahdpffmccakmbngmbjnjiiahp\/img\/icon-fill.png\"><\/div><br>Resultado da corrida<div class=\"sendToPdfFiller\" data-url=\"https:\/\/copapotenza.weela.com.br\/wp-content\/uploads\/2025\/05\/300-400-Corrida-300-400-Pro-Light-Iniciante-Geral-e-Classes.pdf\" style=\"position: static; width: 40px; display: inline-block; margin-left: 10px;\" title=\"Open with pdfFiller\"><img decoding=\"async\" style=\"background: none\" src=\"chrome-extension:\/\/gphandlahdpffmccakmbngmbjnjiiahp\/img\/icon-fill.png\"><\/div><br>Corrida LapTimes<br><\/pre>\n<\/details>\n\n\n\n<p><\/p>\n","protected":false},"excerpt":{"rendered":"","protected":false},"author":1,"featured_media":0,"parent":0,"menu_order":0,"comment_status":"closed","ping_status":"closed","template":"","meta":{"footnotes":""},"class_list":["post-361","page","type-page","status-publish","hentry"],"rttpg_featured_image_url":null,"rttpg_author":{"display_name":"admin","author_link":"https:\/\/www.copapotenza.com.br\/?author=1"},"rttpg_comment":0,"rttpg_category":null,"rttpg_excerpt":null,"_links":{"self":[{"href":"https:\/\/www.copapotenza.com.br\/index.php?rest_route=\/wp\/v2\/pages\/361","targetHints":{"allow":["GET"]}}],"collection":[{"href":"https:\/\/www.copapotenza.com.br\/index.php?rest_route=\/wp\/v2\/pages"}],"about":[{"href":"https:\/\/www.copapotenza.com.br\/index.php?rest_route=\/wp\/v2\/types\/page"}],"author":[{"embeddable":true,"href":"https:\/\/www.copapotenza.com.br\/index.php?rest_route=\/wp\/v2\/users\/1"}],"replies":[{"embeddable":true,"href":"https:\/\/www.copapotenza.com.br\/index.php?rest_route=%2Fwp%2Fv2%2Fcomments&post=361"}],"version-history":[{"count":4,"href":"https:\/\/www.copapotenza.com.br\/index.php?rest_route=\/wp\/v2\/pages\/361\/revisions"}],"predecessor-version":[{"id":2441,"href":"https:\/\/www.copapotenza.com.br\/index.php?rest_route=\/wp\/v2\/pages\/361\/revisions\/2441"}],"wp:attachment":[{"href":"https:\/\/www.copapotenza.com.br\/index.php?rest_route=%2Fwp%2Fv2%2Fmedia&parent=361"}],"curies":[{"name":"wp","href":"https:\/\/api.w.org\/{rel}","templated":true}]}}